t m(k) = 3*k + 16. Give m(-3).
7
Let w(t) = -2*t**2 + 4*t + 98. Calculate w(8).
2
Let z(g) = -g**2 + 13*g - 31. What is z(10)?
-1
Let a(o) = -29*o - 288. Determine a(-10).
2
Let f(q) = -q**3 - 8*q**2 + 3. Determine f(-8).
3
Let f(d) = d**3 + d**2 - 3*d + 3. Determine f(2).
9
Let t(w) = -w**2 + 20*w - 35. Calculate t(17).
16
Let w(m) = -41*m**2 - m. Give w(1).
-42
Let y(o) = o**2 + 14*o + 4. Determine y(-14).
4
Let m(a) = 3*a**3 + 117*a**2 + 2*a + 73. Determine m(-39).
-5
Let d(h) = -14*h - 81. Give d(-6).
3
Let m(g) = -g**2 - 2*g + 7. What is m(-5)?
-8
Let s(h) = -4*h**3 + 2*h**2 - 5*h + 4. Determine s(1).
-3
Let m(y) = -23*y - 624. Determine m(-27).
-3
Let d(a) = -151*a + 3. Give d(1).
-148
Let h(k) = -11*k. Give h(-3).
33
Let a(g) = 2*g**2 - 13*g + 17. Determine a(4).
-3
Let g(v) = -3*v + 2. What is g(-7)?
23
Let f(j) = -j**3 - 9*j**2 + 6*j + 9. What is f(-9)?
-45
Let s(z) = 77*z + 302. Give s(-4).
-6
Let j(h) = -2*h - 23. Calculate j(-7).
-9
Let w(s) = -3*s - 73. Give w(-21).
-10
Let h(c) = -c**2 - 12*c - 41. Determine h(-6).
-5
Let z(q) = -3*q + 1. Give z(1).
-2
Let k(x) = x**2 + 11*x + 2. Give k(-11).
2
Let n(l) = 3*l. Determine n(0).
0
Let p(v) = -3*v**3 + 2*v**2 + v - 2. Determine p(1).
-2
Let o(q) = q**2 + 17*q - 1. Give o(-19).
37
Let x(p) = 2*p - 22. Determine x(5).
-12
Let d(f) = f**3 + 18*f**2 - 321*f - 64. Determine d(-29).
-6
Let w(k) = 5*k + 4. Calculate w(-1).
-1
Let k(r) = 3*r**2 - 22*r + 10. Give k(7).
3
Let v(g) = -58*g + 401. Give v(7).
-5
Let n(o) = o**3 - 9*o**2 + o - 10. Give n(9).
-1
Let w(i) = -11*i**3 + 2*i**2 - 1. Calculate w(1).
-10
Let m(z) = z - 3. Calculate m(-7).
-10
Let x(p) = p - 9. Give x(-14).
-23
Let l(x) = -x**2 - 22*x + 505. What is l(-36)?
1
Let n(h) = -17*h + 434. Calculate n(25).
9
Let y(s) = -8*s - 191. Determine y(-16).
-63
Let y(f) = f**3 - 23*f**2 + 58*f + 35. What is y(20)?
-5
Let n(r) = -3*r**3 + 15*r**2 + 3*r + 8. Give n(4).
68
Let r(t) = -t**2 - 8*t + 126. What is r(7)?
21
Let q(s) = 9*s - 2. Calculate q(1).
7
Let j(f) = -f**2 - 6*f + 18. Calculate j(-8).
2
Let t(k) = -2*k**2 + 5*k + 17. Determine t(6).
-25
Let o(l) = -3*l - 3. Determine o(-1).
0
Let o(g) = -g**3 - 2*g**2 - 3*g + 3. Determine o(2).
-19
Let n(g) = 5*g**3 - 3*g**2 - g - 2. Determine n(-1).
-9
Let u(l) = l**3 - 15*l**2 - 2*l + 14. What is u(15)?
-16
Let u(p) = 9*p + 9. Give u(-1).
0
Let p(g) = 3*g**2 + 5*g - 19. Determine p(-7).
93
Let v(l) = l**3 + 4*l**2 - 2*l + 5. Determine v(-5).
-10
Let x(f) = -5*f + 5. Calculate x(3).
-10
Let h(z) = 24*z**3 + z**2 - 2*z + 1. Determine h(1).
24
Let j(d) = d**2 + 20*d + 68. Give j(-5).
-7
Let x(n) = -2*n**2 + 19*n - 40. What is x(6)?
2
Let p(v) = 4*v**3 + 69*v**2 + 16*v - 4. Give p(-17).
13
Let z(t) = -t**3 - 3*t**2 + 4*t - 3. Determine z(-4).
-3
Let v(u) = 3*u + 4. Give v(-3).
-5
Let n(g) = 2*g**2 + 26*g + 76. What is n(-7)?
-8
Let a(c) = -c**2 + 4*c - 5. Determine a(2).
-1
Let c(f) = f + 15. Give c(-6).
9
Let q(s) = -s**3 - 7*s**2 - 13*s - 13. Give q(-5).
2
Let b(x) = -6*x + 4. Determine b(2).
-8
Let h(n) = 25*n - 284. Determine h(12).
16
Let p(o) = -5*o - 53. Calculate p(-12).
7
Let y(v) = -v + 7. Calculate y(-7).
14
Let z(l) = -3*l + 13. What is z(11)?
-20
Let u(m) = m**3 - 3*m**2 + 6*m - 40. Determine u(4).
0
Let l(y) = -y**3 - y**2 + 11*y - 16. Determine l(2).
-6
Let d(h) = -h**3 + 20*h**2 - 19*h - 28. Calculate d(19).
-28
Let k(j) = -j**3 + 9*j**2 + 2*j - 35. Calculate k(9).
-17
Let q(y) = 2*y**2 + 5*y - 10. Give q(0).
-10
Let f(u) = -u**3 + 9*u**2 - 11. Give f(9).
-11
Let f(i) = i**3 - 7*i**2 + 8*i - 8. Give f(6).
4
Let s(l) = l**2 + 14*l + 9. What is s(-10)?
-31
Let c(v) = -2*v**3 - 6*v**2 - 3*v - 13. What is c(-3)?
-4
Let b(t) = 2*t**2 + 2*t - 2. Calculate b(0).
-2
Let t(s) = s**2 + s - 22. What is t(0)?
-22
Let z(a) = -a**2 + 27*a - 74. Determine z(22).
36
Let t(y) = 2*y**3 - 4*y**2 + 2*y + 1. Give t(2).
5
Let j(d) = 2*d**2 + 4*d - 103. Calculate j(-8).
-7
Let b(g) = -3*g + 12. What is b(9)?
-15
Let o(x) = -3*x - 27. What is o(-11)?
6
Let r(s) = 5*s. Determine r(-1).
-5
Let j(p) = 3*p**2 + 4*p - 16. Give j(-4).
16
Let s(v) = -3*v - 15. Calculate s(10).
-45
Let y(n) = -4*n + 17. Give y(5).
-3
Let k(v) = -36*v - 3. Determine k(2).
-75
Let a(j) = 4*j - 53. Determine a(15).
7
Let l(b) = -4*b**2 + 10*b + 7. Calculate l(3).
1
Let k(c) = 2*c**2 - 12*c - 14. What is k(8)?
18
Let n(a) = 58*a + 101. Give n(-2).
-15
Let w(h) = 17*h + 9. Determine w(-3).
-42
Let g(i) = 4*i**2 - i + 1. Calculate g(1).
4
Let b(g) = -g**2 - 13*g - 23. Calculate b(-16).
-71
Let r(f) = -2*f**2 + 3*f + 17. What is r(5)?
-18
Let c(s) = 7*s - 5. Determine c(4).
23
Let r(i) = 4*i**2 - i - 3. Calculate r(4).
57
Let h(x) = -10*x - 4. What is h(-2)?
16
Let z(d) = 2*d**2 + 5*d - 36. Determine z(4).
16
Let z(n) = -4*n**2 + 24*n - 12. Calculate z(5).
8
Let t(b) = b**2 - 2*b + 30. Calculate t(0).
30
Let l(r) = r**3 + r**2 - 2*r + 43. Give l(0).
43
Let y(j) = -j**3 + 2*j**2 + 5*j + 12. Give y(4).
0
Let l(a) = -4*a**3 - 2*a**2 + a. Give l(1).
-5
Let y(o) = o + 38. What is y(-26)?
12
Let f(i) = -i**3 - 4*i**2 + 3*i - 2. Give f(-3).
-20
Let q(z) = z**2 - 28*z + 226. Give q(16).
34
Let m(d) = -10*d + 4. Determine m(-7).
74
Let j(v) = v**3 + 6*v**2 + 4*v + 1. Calculate j(-5).
6
Let y(t) = t**2 + 3*t - 36. Give y(-7).
-8
Let p(h) = -h**3 + 9*h**2 + 18*h - 68. Give p(10).
12
Let p(y) = -y**3 - 2*y + 7. Determine p(2).
-5
Let o(q) = -6*q - 74. Determine o(-12).
-2
Let w(z) = z**3 + 5*z**2 - 8*z - 1. Calculate w(-6).
11
Let j(l) = l**2 - l + 2. Give j(6).
32
Let x(i) = -i**2 - 4*i + 15. Calculate x(-7).
-6
Let y(q) = 2*q**3 + 7*q**2 + 4*q - 2. Give y(-4).
-34
Let p(c) = 2*c**2 + 36*c + 16. Give p(-16).
-48
Let g(k) = -3*k**2 - 83*k - 51. Calculate g(-27).
3
Let l(z) = 22*z + 1348. Determine l(-61).
6
Let a(f) = -9*f - 57. Give a(6).
-111
Let x(t) = -t**3 - 11*t**2 - 3*t - 45. Determine x(-11).
-12
Let m(q) = q**3 - 3*q**2 + 3*q - 2. Give m(1).
-1
Let f(m) = -8*m + 1. Calculate f(-4).
33
Let u(m) = 12*m + 12. What is u(2)?
36
Let f(u) = -u**3 - 24*u**2 - 25*u - 31. Determine f(-23).
15
Let y(o) = o**2 - 10*o + 16. Give y(9).
7
Let h(m) = 12*m - 163. Determine h(13).
-7
Let h(t) = -t**3 + 4*t**2 + 7. Give h(5).
-18
Let t(j) = j**2 - 19. Determine t(0).
-19
Let i(s) = s**2 + 14*s + 13. Calculate i(-13).
0
Let i(h) = h**3 + 15*h**2 - 37*h - 52. Determine i(-17).
-1
Let g(o) = -o**2 - 9*o - 9. What is g(-7)?
5
Let f(i) = -4*i**2 + 3*i + 1. What is f(-3)?
-44
Let a(w) = w**3 + 3*w**2 - 8*w + 5. What is a(-5)?
-5
Let r(o) = o - 7. Give r(3).
-4
Let o(u) = -u**3 - 9*u**2 - 9*u - 9. Give o(-8).
-1
Let q(z) = z**3 + 2*z**2 - z - 11. Determine q(-5).
-81
Let d(u) = -5*u + 47. What is d(4)?
27
Let b(h) = 2*h**2 - 18*h + 45. What is b(7)?
17
Let f(k) = -26*k + 1. Give f(-2).
53
Let a(y) = -y**3 - 8*y**2 + 21*y + 12. Calculate a(-10).
2
Let r(f) = -f**3 + 2*f**2 + 8*f + 21. Determine r(5).
-14
Let c(f) = -f**2 - f - 3. Give c(-2).
-5
Let m(j) = -19*j**2 + j + 3. Determine m(2).
-71
Let c(r) = -r**2 + 8*r - 11. Determine c(9).
-20
Let v(c) = -18*c - 401. Calculate v(-22).
-5
Let d(s) = 31*s - 1. Give d(1).
30
Let c(z) = -34*z + 317. Give c(10).
-23
Let v(z) = -z**3 - 2*z**2 + 24*z - 1. Calculate v(-6).
-1
Let s(f) = -f**2 + 5*f + 3. What is s(6)?
-3
Let c(b) = -4*b + 11. What is c(6)?
-13
Let t(b) = b**3 + 16*b**2 + 26*b - 14. Give t(-14).
14
Let d(w) = 2*w**3 + w**2 - 2*w + 1. Give d(1).
2
Let w(h) = -h**3 + 8*h**2 + 17*h - 132. What is w(8)?
4
Let w(j) = -j**3 + 8*j**2 - 8*j + 4. Give w(6).
28
Let f(q) = -q**3 + 8*q**2 + 3*q + 7. Give f(5).
97
Let s(j) = 8*j**3 + j**2 - 4*j - 4. Calculate s(-1).
-7
Let m(v) = 2*v + 68. Determine m(-15).
38
Let u(p) = -5*p**3 - 3*p**2 - p + 1. Give u(-2).
31
Let h(r) = -10*r + 93. Calculate h(10).
-7
Let r(t) = -t**3 - 7*t**2 + 3*t + 8. Calculate r(-6).
-46
Let b(c) = -184*c - 374. What is b(-2)?
-6
Let v(m) = -m**2 - 9*m + 5. Calculate v(-12).
-31
Let y(t) = 17*t**2 + 5*t - 5. What is y(1)?
17
Let w(z) = -z**3 + 10*z**2 - 2*z - 8. Give w(9).
55
Let a(h) = -h**3 + 6*h - 9. Determine a(4).
-49
Let h(w) = -6*w**2. What is h(-3)?
-54
Let p(n) = -11*n + 142. Give p(13).
-1
Let j(h) = -h**2 - 39*h - 252. Give j(-31).
-4
Let s(t) = 2*t**2 - 2*t - 3. Calculate s(-3).
21
Let s(k) = -k**2 + 18*k + 45. Determine s(20).
5
